ded by t(-7).
7
Calculate the remainder when 63 is divided by (1 + -35)*(8 - 9).
29
Let k be 164/(-12) - (-1)/(-3). Calculate the remainder when (-2)/(-8) + 159/4 is divided by -4*2*k/8.
12
Let g = -2 - -12. Let c(b) = b**3 + 7*b**2 + 9*b + 15. What is the remainder when c(-4) is divided by g?
7
Let g(d) = -d**2 + d - 364. Let m be g(0). Calculate the remainder when 8/(-36) - m/18 is divided by 6/(-2) - -14*1.
9
Suppose -4*h + 96 = -0*h. What is the remainder when h is divided by 14?
10
Suppose -4*s = -34 - 34. Calculate the remainder when 48 is divided by s.
14
Let c = -4 - -8. Suppose 0 = -4*z - 18 + 62. Suppose z + 37 = c*f. Calculate the remainder when f is divided by 7.
5
Suppose -3*n + 0*n = -69. Calculate the remainder when 41 is divided by n.
18
What is the remainder when 43 is divided by (6*(-2)/(-24))/((-1)/(-18))?
7
Suppose 2*l - 4 = 18. Let t(x) = x**3 - 12*x**2 + 12*x + 10. What is the remainder when 40 is divided by t(l)?
19
What is the remainder when 44 is divided by 27/15*((-4)/2 - -7)?
8
Suppose 0 = -2*r + 5 + 7. Suppose 0 = 11*m - r*m - 130. What is the remainder when m is divided by 15?
11
Suppose -3*b - k = -36, 2*k = -4*b + 8*b - 58. Calculate the remainder when b is divided by 3.
1
Suppose a = -a - 2*o + 76, 4*o = a - 13. What is the remainder when a is divided by 17?
16
Let o(j) = j**2 + 11*j + 10. Let u be o(-10). Suppose u*q = 3*q - 54. Calculate the remainder when (-1 + -52 + 1)/(-1) is divided by q.
16
Let l = -1 + 7. Calculate the remainder when (-11)/(44/(-48)) - 3 is divided by l.
3
Let a(k) = -3*k**3 - 4*k**2 - 2*k + 1. Calculate the remainder when 49 is divided by a(-2).
10
Let r(z) = -z**3 - 6*z**2 + 10*z - 2. Let q be r(-8). Let h = -25 + q. What is the remainder when h is divided by 12?
9
Let i(x) = -x - 1. Let b(q) be the second derivative of 2*q**3 + 6*q**2 + 5*q. Let f(h) = -2*b(h) - 27*i(h). What is the remainder when 23 is divided by f(3)?
11
Suppose 0 = -2*m + m + 3*p + 1, 5*m = 4*p + 38. Suppose -2*o = 6 - 14. Calculate the remainder when m is divided by o.
2
Let p = 36 + -18. Calculate the remainder when 2/((-2)/159*-3) is divided by p.
17
Let x be ((-1)/3)/((-2)/30). Suppose x + 5 = 4*p - 2*a, 0 = 4*a - 4. What is the remainder when 7 is divided by p?
1
Let b(i) = -i - 2. Let y be b(10). Let a = y + 6. Calculate the remainder when 17 is divided by -18*(-1 + (-3)/a).
8
Suppose 0 = -3*j + o + 4, -j + 4 = 4*o - 6. What is the remainder when 27 is divided by (7/2)/(1/j)?
6
Let s(j) = j**3 - 2*j**2 + 4*j - 3. Let z be s(2). Suppose -z*b + 9 = -6. What is the remainder when 4 is divided by b?
1
Let w = 17 + 32. What is the remainder when w is divided by 17?
15
Suppose -145 = -4*l + 535. What is the remainder when l is divided by 19?
18
Let d be (-3)/(5/(-3) - -2). Let o(c) = c**3 + 10*c**2 + 5*c - 11. Let u(j) = -2*j - 1. What is the remainder when o(d) is divided by u(-7)?
12
Let z(n) = 12*n + 4. Let f be z(2). Suppose -5*l + 3 + 2 = i, 5*i + 25 = 0. Suppose 0 = -0*m + l*m - f. Calculate the remainder when m is divided by 8.
6
Let j = 18 - 7. What is the remainder when 43 is divided by j?
10
Suppose 3*m - 48 = -3*c + 5*m, 0 = 4*c + 2*m - 50. What is the remainder when 55 is divided by c?
13
Let f = -2 - -6. Suppose f*z = z + 123. What is the remainder when z is divided by 11?
8
Suppose 29 = 4*c - 7. Let p(d) = 6*d - 5. Calculate the remainder when p(5) is divided by c.
7
Let j be -5*(-2 - (-36)/(-10)). Calculate the remainder when j - (1 + 1 - -1) is divided by 14.
11
Suppose 2*q - 1 = 5. Suppose -49 = n - 8*n. What is the remainder when n is divided by q?
1
Suppose 3*v - 12 = 45. Calculate the remainder when 53 is divided by v.
15
Suppose 2*w - 6 = -w. Suppose 6 = -4*f - w*k, -2*k - 3 = 3*f + 3. Let y = f + 3. Calculate the remainder when 5 is divided by y.
2
Suppose 0 = 3*g + 12, 0 = 3*o + 2*o - 2*g - 363. Let x = -48 + o. Calculate the remainder when x is divided by 8.
7
Suppose 5 - 13 = -d. Let m(x) = -x**2 + 8*x + 5. Let b = 1 + 7. Calculate the remainder when b is divided by m(d).
3
Suppose -p - 2*p + 27 = 2*f, 3*f + 5*p = 42. What is the remainder when 35 is divided by f?
8
Let n = -16 + -7. Let d = 33 + n. Suppose -g - 3*g = -z - d, 5*g - 13 = z. What is the remainder when 2 is divided by z?
0
Let p(i) = -3*i - 6. Calculate the remainder when 17 is divided by p(-5).
8
Let q = 45 + -32. What is the remainder when 64 is divided by q?
12
Let m be (-6)/((-2)/(-3) + 0). Let p = m - -37. Let y = 0 - -15. Calculate the remainder when p is divided by y.
13
Let g(j) = j + 8. Let p be g(-5). Suppose p*l = -10 - 5, -5*n - 2*l = 0. Suppose 0*y - 3 = -y. Calculate the remainder when y is divided by n.
1
Let g(f) = f**2 - 2*f + 15. Calculate the remainder when 29 is divided by g(0).
14
Suppose j = -3*j + 44. Calculate the remainder when 42 is divided by j.
9
Let v = 57 + -10. Let x(j) = j**3 + 5*j**2 - j + 7. What is the remainder when v is divided by x(-5)?
11
Suppose 4*g - 5 = 7. Let h be (-4)/(-5)*(-5)/(-2). Let m = h + -1. Calculate the remainder when g is divided by m.
0
Let v = 63 - 19. Suppose -3*k = -2*d - 17, 3*d + 5*k = -0*k + 3. Let g(i) = -i**3 - 4*i**2 - 4*i + 7. Calculate the remainder when v is divided by g(d).
21
Let g(b) = 8*b**2 - b - 16. Let n be g(13). Calculate the remainder when (2/3)/(14/n) is divided by 22.
19
Let a(y) = y + 13. Calculate the remainder when 18 is divided by a(-3).
8
Let d = -18 + 40. What is the remainder when d is divided by 8?
6
Suppose -2*n + 3*n = 15. What is the remainder when 25 is divided by n?
10
Suppose -6 = -3*h, 2*x + 34 = h - 16. Let w = x + 42. Suppose -6 = 3*i - w. Calculate the remainder when 10 is divided by i.
2
Suppose 0 = -4*w - 4, -2*h - 6 + 1 = 5*w. Let s be (h/1)/(1 + 0). Suppose a + s*a - 17 = 0. Calculate the remainder when a is divided by 9.
8
Suppose -5*y = 2*d - 27, 3*y - 150 = -5*d + 7*y. Suppose 2*c - 75 = -c. Suppose -4*u + c = -11. What is the remainder when d is divided by u?
8
Suppose 2*j = -3*j + 5*s + 25, 5*j + 4*s - 43 = 0. Let x(d) = -2*d. Calculate the remainder when j is divided by x(-2).
3
Let l = -10 - -15. What is the remainder when l is divided by 2?
1
Suppose -4*i + 6*i - 5*u - 66 = 0, 3*i - 5*u - 94 = 0. Suppose -159 = -3*l - 0*l. Calculate the remainder when l is divided by i.
25
What is the remainder when (36/10)/(47/15 + -3) is divided by 10?
7
Let d be ((-15)/(-2))/(6/16). Suppose r = -m + 15, 4*m - 33 = 3*r + d. Let o(z) = 2*z**2 + 29*z - 8. Calculate the remainder when o(-16) is divided by m.
12
Let s = 4 + 4. Suppose -2*a - n + 23 = 2*a, 5*a - 3*n = 16. Calculate the remainder when s is divided by a.
3
Suppose -4*s = -5*s - 2. Let m be s*15/(-12)*2. Suppose -l + m = 3. Calculate the remainder when 4 is divided by l.
0
Let u(z) = 0*z - z - 1 + 16. Suppose -k + 88 = k. What is the remainder when k is divided by u(0)?
14
Suppose -u - 2*v + 15 = -18, 56 = 2*u + 2*v. Let g = u + -11. Calculate the remainder when 23 is divided by g.
11
Let z(s) = s**2 - 5*s - 7. Let l = -30 + 50. Suppose b + l = 2*b. Calculate the remainder when b is divided by z(7).
6
Suppose 0 = -2*l - 4*k + 36, 0 = 5*l - 2*k + k - 145. What is the remainder when l is divided by 11?
6
Let d(o) = o**2 + 4*o + 10. Calculate the remainder when d(5) is divided by 8.
7
Let y(a) = a**2 + 16*a + 14. Suppose -10 = -5*i, -p + 4*p + 3*i + 45 = 0. Calculate the remainder when 121 is divided by y(p).
28
Suppose -4*c = 5*q + 188, -5*q = -c + 9 - 81. Let l = c - -73. Let k = -14 - -25. What is the remainder when l is divided by k?
10
Let g be 4/16 + (-1)/4. Let j = 52 - g. Suppose 3*s - 7*s = -j. What is the remainder when s is divided by 5?
3
Let d(b) = -10*b - 5. Calculate the remainder when 73 is divided by d(-3).
23
Suppose -3*z + 152 = 56. What is the remainder when z is divided by 5?
2
Suppose y + 0*f = f + 5, 3 = 3*y + 3*f. Suppose 0 = 2*r - q - 29, -q = -5*r + 68. What is the remainder when 464/12 - 2/y is divided by r?
12
Let o(h) = h**2 - 5*h + 6. Let y = 1 - -4. Let j be o(y). Suppose -2*f + j = 0, 35 = 2*c + 3*f - 44. Calculate the remainder when c is divided by 18.
17
Let j(o) = -o**2 - 7*o - 11. Let f be j(-5). Let r = 10 - f. What is the remainder when 19 is divided by r?
8
Let i(z) = z**2 + 16*z + 3. What is the remainder when i(-17) is divided by 8?